1801, 7867
What are the prime factors of 8737428?
2, 3, 7, 41, 43, 59
List the prime factors of 473088700.
2, 5, 7, 675841
What are the prime factors of 75040470?
2, 3, 5, 833783
What are the prime factors of 100101100?
2, 5, 11, 17, 53, 101
List the prime factors of 3939249429.
3, 181, 89563
List the prime factors of 477201536.
2, 7, 61, 8731
What are the prime factors of 35859178?
2, 151, 118739
What are the prime factors of 927745699?
19, 29, 1683749
List the prime factors of 5075606138.
2, 61, 659, 63131
List the prime factors of 520573959.
3, 233, 27583
What are the prime factors of 73227297?
3, 11, 13, 131, 1303
What are the prime factors of 316172256?
2, 3, 17, 151, 1283
List the prime factors of 21693959.
7, 83, 37339
List the prime factors of 1810431718.
2, 905215859
What are the prime factors of 308925678?
2, 3, 647, 79579
What are the prime factors of 647941891?
37, 17511943
List the prime factors of 33202957.
33202957
List the prime factors of 3125549489.
3125549489
List the prime factors of 874793502.
2, 3, 11, 4418149
What are the prime factors of 79714715?
5, 15942943
What are the prime factors of 2665719419?
11, 31, 67, 10607
List the prime factors of 16840361.
691, 24371
What are the prime factors of 55458886?
2, 7, 565907
List the prime factors of 58021309.
61, 607, 1567
What are the prime factors of 886616134?
2, 431, 1028557
List the prime factors of 13786424.
2, 1723303
List the prime factors of 3173096018.
2, 383, 4142423
What are the prime factors of 1843197070?
2, 5, 11, 13, 31, 41579
List the prime factors of 452504825.
5, 18100193
What are the prime factors of 118676251?
23, 1223, 4219
List the prime factors of 131147820.
2, 3, 5, 127, 5737
What are the prime factors of 54145861?
7, 11, 703193
What are the prime factors of 299496334?
2, 5701, 26267
What are the prime factors of 410972635?
5, 127, 647201
What are the prime factors of 389233605?
3, 5, 311, 83437
What are the prime factors of 710815926?
2, 3, 29, 31, 131779
List the prime factors of 51562170.
2, 3, 5, 11, 643
What are the prime factors of 968137826?
2, 73, 6631081
List the prime factors of 23174249.
7, 293, 11299
List the prime factors of 17229882.
2, 3, 193, 14879
What are the prime factors of 285449475?
3, 5, 947, 4019
What are the prime factors of 1112619439?
1112619439
List the prime factors of 283205935.
5, 56641187
List the prime factors of 949790132.
2, 237447533
List the prime factors of 98980774.
2, 49490387
What are the prime factors of 310116035?
5, 62023207
List the prime factors of 711942878.
2, 355971439
List the prime factors of 45762725.
5, 17, 29, 47, 79
List the prime factors of 19678503.
3, 13, 17, 67, 443
List the prime factors of 919235000.
2, 5, 157, 1171
What are the prime factors of 43053147?
3, 109, 14629
List the prime factors of 501830023.
53, 1523, 6217
List the prime factors of 1134281186.
2, 8231, 68903
List the prime factors of 243976678.
2, 11, 467, 23747
List the prime factors of 4359333186.
2, 3, 13, 29, 569, 1129
List the prime factors of 3127519295.
5, 103, 1607, 3779
List the prime factors of 77852035.
5, 103, 151169
List the prime factors of 577518766.
2, 11, 557, 47129
What are the prime factors of 1906409277?
3, 79, 151, 1973
What are the prime factors of 69933585?
3, 5, 19, 59, 4159
What are the prime factors of 87963107?
71, 1238917
List the prime factors of 264594668.
2, 13, 23, 221233
List the prime factors of 361094725.
5, 2239, 6451
What are the prime factors of 296022154?
2, 73, 2027549
What are the prime factors of 664322979?
3, 701, 315893
List the prime factors of 49987219.
59, 569, 1489
List the prime factors of 505368663.
3, 168456221
List the prime factors of 221018185.
5, 44203637
What are the prime factors of 58219190?
2, 5, 5821919
List the prime factors of 959396914.
2, 7, 68528351
List the prime factors of 7489967354.
2, 3744983677
List the prime factors of 1039862751.
3, 346620917
List the prime factors of 1083475411.
1083475411
What are the prime factors of 27108515?
5, 7, 110647
List the prime factors of 879468168.
2, 3, 3257, 11251
List the prime factors of 151690835.
5, 61, 673, 739
What are the prime factors of 547418544?
2, 3, 829, 13757
What are the prime factors of 237980483?
13, 18306191
List the prime factors of 26496884.
2, 37, 179033
List the prime factors of 33546586.
2, 449, 37357
List the prime factors of 30875421.
3, 10291807
What are the prime factors of 619875917?
43, 14415719
What are the prime factors of 1739284?
2, 434821
List the prime factors of 4355589758.
2, 13, 359, 466637
What are the prime factors of 904171802?
2, 29, 15589169
What are the prime factors of 29323591?
11, 2665781
What are the prime factors of 57776852?
2, 7, 2063459
What are the prime factors of 2025948389?
2351, 861739
What are the prime factors of 122082895?
5, 11, 29, 76541
List the prime factors of 118161452.
2, 1583, 18661
List the prime factors of 109696144.
2, 6856009
What are the prime factors of 280994825?
5, 523, 21491
What are the prime factors of 532688546?
2, 13, 127, 161323
List the prime factors of 5327785722.
2, 3, 7, 97, 1307753
List the prime factors of 2820847799.
7, 11, 2011, 18217
What are the prime factors of 197277498?
2, 3, 11, 332117
List the prime factors of 3346891313.
479, 6987247
What are the prime factors of 357783662?
2, 178891831
What are the prime factors of 39514807?
43, 918949
List the prime factors of 3183887.
7, 19, 37, 647
What are the prime factors of 1808843760?
2, 3, 5, 2512283
List the prime factors of 156052572.
2, 3, 13, 76949
What are the prime factors of 14409682?
2, 7, 1029263
List the prime factors of 751426744.
2, 19, 23, 214939
What are the prime factors of 535913263?
53, 97, 104243
List the prime factors of 304754122.
2, 73, 2087357
What are the prime factors of 56616047?
929, 60943
What are the prime factors of 3025042638?
2, 3, 103, 727, 6733
List the prime factors of 1567318456.
2, 11, 29, 614153
List the prime factors of 76291642.
2, 7, 107, 50929
List the prime factors of 382400600.
2, 5, 797, 2399
List the prime factors of 221929929.
3, 13, 67, 9437
What are the prime factors of 280747445?
5, 11, 569, 8971
What are the prime factors of 2942012563?
7, 53, 7929953
What are the prime factors of 75442749?
3, 19, 137, 9661
List the prime factors of 190423586.
2, 19, 5011147
What are the prime factors of 53680090?
2, 5, 811, 6619
List the prime factors of 11184029.
2693, 4153
What are the prime factors of 662298445?
5, 3343, 39623
List the prime factors of 2213433697.
31, 71401087
List the prime factors of 72209038.
2, 11, 59, 55631
What are the prime factors of 1244965744?
2, 11, 751, 9419
List the prime factors of 2285259600.
2, 3, 5, 13, 263, 557
List the prime factors of 121020865.
5, 7, 89, 38851
List the prime factors of 2453354374.
2, 17183, 71389
List the prime factors of 81486323.
73, 131, 8521
List the prime factors of 53349331.
7, 271, 28123
What are the prime factors of 246576490?
2, 5, 19, 1297771
List the prime factors of 26857029.
3, 521, 17183
What are the prime factors of 767730616?
2, 23, 1297, 3217
What are the prime factors of 3643814325?
3, 5, 3709, 13099
What are the prime factors of 17955683?
467, 38449
List the prime factors of 881997605.
5, 1451, 121571
What are the prime factors of 1096652884?
2, 4139, 66239
What are the prime factors of 8799804?
2, 3, 13, 18803
What are the prime factors of 1692460219?
9587, 176537
What are the prime factors of 1059153804?
2, 3, 29420939
List the prime factors of 136212224.
2, 149, 3571
List the prime factors of 94487965.
5, 11, 13, 132151
What are the prime factors of 3107359339?
7, 1049, 423173
List the prime factors of 680372760.
2, 3, 5, 5669773
List the prime factors of 6556520.
2, 5, 19, 8627
List the prime factors of 867386280.
2, 3, 5, 151, 47869
List the prime factors of 154481394.
2, 3, 89, 289291
What are the prime factors of 33324198?
2, 3, 37, 4057
List the prime factors of 5310053097.
3, 1770017699
What are the prime factors of 24147966?
2, 3, 53, 75937
List the prime factors of 2695089396.
2, 3, 5413, 41491
What are the prime factors of 53489451?
3, 479, 37223
List the prime factors of 472820149.
19, 24885271
What are the prime factors of 643519871?
151, 1579, 2699
What are 